5)).
-27
Calculate 8 + (-2 - -12) - (-13 + 3).
28
What is the value of 9 - (-24 + -8 + (19 - 9)) - 5?
26
Calculate -26 + 39 + -5 + -1 + -6.
1
What is (-4 - -2) + -3 + -7 + 0 + 13?
1
-12 + (-32 - -44) + -35
-35
Calculate 0 + 21 + (125 - 164).
-18
Evaluate (-17 - (-44 + 23)) + 9.
13
9 - 3 - 3 - (-2 - -7)
-2
What is the value of -238 + 242 + 4 + -2?
6
What is the value of -7 + 1 - (-6 - (17 + -6 + -40))?
-29
Evaluate 3 - (-22 + 3) - 0.
22
3 + (3 - (-8 - -6)) - (-32 - -30)
10
-19 + 19 + 16 + 15
31
Evaluate 51 + -61 + 1 + (-7 - 10).
-26
-1 + -10 + -16 + 25 - (1 - 14)
11
-1 + 9 - ((-23 - 14 - -20) + 16)
9
What is the value of 4 + (-8 - -7) + (-2 + 0 - 0)?
1
-7 + -15 + 6 - -21
5
What is 11 - (-13 + 11 + (11 - 5))?
7
What is -5 + (6 - 18) + 33?
16
What is -12 - -26 - (19 + -6) - (-3 - 9)?
13
What is -43 - -36 - (-16 - (1 + -1))?
9
What is the value of (-1 - -22) + (-13 - (2 + -2 - 6))?
14
What is the value of -14 + 2 - ((-29 - -25) + -13)?
5
Calculate 12 + (-6 + -2 - -4).
8
-13 + 9 + (2 - -13)
11
-21 - (-16 - 0 - 21)
16
What is 367 + -341 - (6 + 0)?
20
What is 2 + -3 - -6 - (-155 - -175)?
-15
What is the value of (3 - 3) + 0 + 2 + -15 + 14?
1
What is -15 - (-4 - 7 - -7)?
-11
Evaluate -12 + 3 + 12 + -2.
1
What is 11 + (-7 - 8) + -8 - 3?
-15
(18 - -5) + 4 - (11 + (13 - 16))
19
What is -8 + (27 - 19) + 7?
7
What is the value of -19 + 1 + (-615 - -633) + 1 + 3?
4
Evaluate (-5 - -1 - (1 + -10 + 9)) + -13.
-17
What is the value of -12 + 8 + (0 - -3)?
-1
Evaluate -1 + -8 - (5 - (14 - 1 - 5)).
-6
Evaluate -1672 - -1679 - ((1 - 1) + 20).
-13
Calculate 15 + -2 + -13 + (-16 - -30).
14
5 + 15 - 9 - -3
14
What is 9 + 22 + -6 + (12 - 15)?
22
What is 6 + -19 - (-1 - 13) - (22 + 2)?
-23
What is the value of -33 - (11 + -70 + 38)?
-12
What is 1 - 9 - ((-15 - 3) + 26)?
-16
Calculate 16 + (0 - (-8 + 14)).
10
What is the value of (1 - -31 - (14 - 14) - 5) + -8?
19
What is 47 + -30 + -1 + 4 + -48?
-28
Calculate -30 + 10 + (15 - (7 - 1)).
-11
-4 + 16 - ((1 - 20) + (-7 - -3))
35
Evaluate 1 - 6 - -29 - 14.
10
What is 9 + (-16 - (-4 - (-3 + 1)))?
-5
Evaluate 7 - (2 + (13 - 6 - 2) - 3).
3
(0 + 2 + -3 - 12) + 3
-10
Calculate -17 - -1 - (-6 + 0) - -9.
-1
What is the value of 9 + 3 - 18 - (-1 + 2 - -3)?
-10
Calculate 9 + -4 - 0 - (4 + -1 + 1).
1
(38 - 21) + -7 + 0 + -31
-21
What is the value of 68 - (18 - -27) - 5?
18
What is the value of 0 - (37 - 0) - -17?
-20
28 - (4 - (-21 - -6))
9
Calculate -4 + (-3 - (-2 + (-6 - -2))).
-1
What is -2 - ((-12 - (-4 - 4)) + 18)?
-16
What is 12 + -9 + (-13 - -11) - -11?
12
What is the value of -8 - 0 - (-8 - (5 + -3))?
2
Calculate (-16 - (3 + -19)) + (1 - (1 - 22)).
22
-30 - (-13 + 5 - (-6 + 7))
-21
What is 22 - 20 - -8 - ((4 - 0) + -4)?
10
What is -96 + 101 + 9 + (-1 - -1)?
14
What is -56 + 49 - (10 - 3)?
-14
What is the value of 5 + (-2 + 13 - 5)?
11
What is (-6 - (16 - 4)) + -9 + 4 + -1?
-24
Calculate (4 - 0) + -16 - -23.
11
(2 - -44) + (228 - 268)
6
Evaluate 11 + (24 - 1) + 4 + -14.
24
Evaluate 10 + (1 - 4) + (1 + 2 - -3).
13
-14 + (-15 - -37) - (1 + -1)
8
What is 2 - (-2 + -3 - (-1 - 14))?
-8
What is the value of (-10 - -8) + (6 - (0 + 0)) + -16?
-12
Calculate -18 - 5 - (5 + -18 - -2).
-12
Calculate 22 + (-49 - 5) - -10.
-22
Evaluate (-1 - (-1 - -6)) + 8 + -30.
-28
What is the value of 893 - 852 - (25 - 0)?
16
(539 - 576) + (13 - 1) - (-8 - 0)
-17
What is 6 - (-1 - (-6 - 3))?
-2
What is -6 + (3 - 4) + 0 - -2?
-5
What is (-1 - 15) + -186 + 192?
-10
Evaluate -11 - (-19 + 12) - -39.
35
(-1 + 10 - 35) + 16
-10
Evaluate -15 + 1 - (-64 + 56) - (7 - 30).
17
What is the value of 6 - (-1 - -3) - ((-23 - -10) + 12)?
5
-3 + -2 + 2 - (-2 + -5 + 7)
-3
Evaluate -27 + 3 - -4 - (-44 - -24 - -28).
-28
3 + (1 - (-9 + -7 + 5))
15
What is the value of -13 + 31 + -4 + -5?
9
What is 1 + 1 + (-8 - (-8 + 4) - 10)?
-12
Evaluate (-6 - -6) + 2 + (6 - (6 + 5)).
-3
What is 11 + 6 + -13 + -13 - -11?
2
Calculate 5 - (26 - 12) - -13.
4
What is the value of (-368 - -342) + (15 - -1)?
-10
Evaluate 16 - (-25 + 30) - (7 + -6).
10
Evaluate 12 - (3 - 2) - (-16 + 18 - -3).
6
-9 + (-21 + 17 + 1 - 13)
-25
What is 22 + (-3 + 37 - 27)?
29
Calculate 12 - (-4 + (-20 - -43)).
-7
Evaluate 17 + -3 - (-155 - -153).
16
What is the value of 3 + -6 + (46 - 34) - (-5 + -1)?
15
2 + -19 + 1 + -7
-23
Evaluate -3 - 4 - (3 - (3 + (8 - 10))).
-9
Evaluate -120 + 126 + 2 + -20 - -12.
0
Evaluate -13 - (-9 + (11 - (-8 - -8)) + -8).
-7
What is the value of 17 - (-31 + (33 - -8))?
7
What is the value of 171 + -157 + (-1 - 3)?
10
(0 - -23) + -101 + 75 + 13
10
What is (0 - -11) + (-22 - -19) + 40 + -21?
27
(0 - 2) + (8 - 8 - 1) - -15
12
(5 - 3 - -9) + 3 + -2 + -1
11
Evaluate 6 - 9 - 6 - -17 - 2.
6
What is -10 + 0 - (-37 - -34 - -1)?
-8
Evaluate (3 - 9 - -10 - 6) + -10.
-12
Evaluate -9 - (-3 + (-11 - -9)) - 7.
-11
What is the value of 1 + 0 - (-7 - -12 - 14)?
10
What is the value of -7 + -2 + -1 + (-19 - -20) + 5?
-4
Evaluate 4 + 7 + (-207 - -185).
-11
Calculate 19 - 15 - ((25 - 10) + 4).
-15
What is 8 - (22 - 33 - -13)?
6
Calculate (3820 - 3821) + (0 - 3) + 1.
-3
Calculate (1 - 2 - -2 - -2) + 21 + -19.
5
What is (2 - -64 - 60) + (0 - 1) + -4?
1
Evaluate 5 - (20 - 1 - (61 + -53)).
-6
1 + ((-3 - -9) + -2 - 7) + -22
-24
What is 14 - 1 - ((54 - 19) + -15)?
-7
Evaluate 20 - (14 - (-22 + 12)).
-4
Calculate (-299 - -294) + (-2 - (-2 + 1)).
-6
What is the value of (-2 - 7) + (-5 - 1 - 0)?
-15
Calculate (-25 - -45) + -27 - -2.
-5
12 - (19 + -14 + (-10 - -20 - 8))
5
What is 15 - (-4 + (26 - 5))?
-2
Calculate -26 + (10 - 13) - -7 - (-6 + -4).
-12
What is 8 + 2 + 1 + (-10 - -7) - 18?
-10
What is 22 + (-47 + 57 - 15)?
17
What is 5 - (15 + -10 - -8)?
-8
-5 - (21 + -17 + 16)
-25
What is (-25 - -12 - 0) + -4 + -3 - -8?
-12
What is the value of -21 - ((-27 - -5) + 8)?
-7
13 - (5 - (15 + -16))
7
Evaluate (-12 - 1) + 10 + -10 + 20 + -14.
-7
Evaluate -25 + 3 - (-5 + -1) - -15.
-1
Calculate 48 + (-70 - -26 - -26).
30
6 - (6 - (-2 + -6 + 21))
13
Calculate (3 - (13 - -1)) + 8 + 12.
9
Evaluate 0 + 5 - (-2 - (1 - 0)).
8
What is the value of -3 - (-9 + 21) - (-5 + -1)?
-9
-29 - ((2 - -34) + -60)
-5
Calculate 23 + -22 + (17 - 26).
-8
11 + 10 + 10 + -25
6
What is the value of -18 - (-8 - (3 - 1)) - (-11 + -2)?
5
Evaluate (1 + 17 - 5) + -15.
-2
What is -56 + 21 + 25 - (-11 - -1)?
0
Evaluate (6 - (14 + -10 - 7)) + 5.
14
What is the value of (4 - (-3 + 4)) + (-1 - -1 - 0)?
3
Calculate (-29 + 58 - 19) + -16.
-6
17 - (24 - 23) - -7
23
-10 + (-29 - -10) + -1 + 6
-24
What is the value of -1 + 17 + 1 - (42 + (29 - 66))?
12
What is 7 + (-15 - -8 - -16 - 5 - 14)?
-3
0 + -10 + -3 + 5 + 4
-4
Evaluate (1 - (-6 + 6)) + (-1 - 3) + 0.
-3
What is the value of 5 + -15 + -11 + 18 + -14?
-17
What is the value of (48 + -54 - -22) + (-3 - -23)?
36
Evaluate -15 - (2 + 3) - -22.
2
Evaluate -13 - ((5 - 14) + 0).
-4
Evaluate 38 - 23 - (-5 - -1).
19
129 + -138 + (27 - 1) - (2 + 3)
12
What is the value of (-4 - -4) + 11 - (36 - 31)?
6
5 - ((-2 - 0) + 0 + (3 - 4))
8
What is -13 - 1 - (608 + -621)?
-1
What is the value of -12 + (-2 - 8) + 24?
2
Calculate -4 - (10 + (-24 - (9 + 0))).
19
Calculate 11 - (-11 + (16 - 16)).
22
Evaluate -3 + 3 + 0 - (-7 + (11 - 10)).
6
Calculate 0 + (0 - 6) + (53 - (51 + 0)).
-4
Evaluate -3 + (-18 - (21 + -29)).
-13
Calculate 23 + -12 - 15 - 4.
-8
Calculate (57 + -75 - -8) + (1 - (-2 - 38)).
31
Calculate (-21 + 10 + 9 - -1) + -6.
-7
-12 + (21 - 30 - -14)
-7
Evaluate -7 + 11 + -17 + 6 + -8.
-15
What is -1 + 0 + 1 - ((-5 - -22) + -12)?
-5
What is the value of -7 - (-15 - (-13 - -5))?
0
What is the value of -4 - (-33 + 40 - (16 + 2 + -5))?
2
What is the value of -282 + 302 - (-1 + 28)?
-7
Evaluate (9 - 2) + 4 + 11 + -8 + 1.
15
-28 + 11 + 5 + -8 + 0 + -8
-28
What is 0 - ((32 - (6 + 3)) + 0 + 0)?
-23
What is the value of (1 - -7) + -10 - (-4 + 14 - -1)?
-13
-1 + (-16 - (8 + 7 - 27))
-5
Evaluate -32 + -6 + 25 + -13 + 9.
-17
Evaluate (-9 + 11 + -12 + 14 - 4) + 10.
10
Calculate -8 - (-3 + -1) - 7.
-11
Evaluate (-2 - -11) + -1 + -2 + -2.
4
What is the value of (-8 - (-5 - -8)) + 0 + 24?
13
What is (5 - (7 + -8)) + -3 - (15 + 1)?
-13
What is the value of 23 + (-43 - -9) + -7?
-18
Calculate (82 - 27 - 35) + -34.
-14
Evaluate (-26 - -67) + -41 - -1.
1
What is 5 - (6 + (3 - -1 - (16 - 8)))?
3
What is 5 + (2 - (-7 - (-22 + 8))) - -3?
3
Calcula